be d(6). What is the hundreds digit of n(v)?
1
Let l = -18 + 20. Suppose -l*d + 5*s = -0*s - 140, 0 = -5*d - 5*s + 280. Suppose d + 20 = 3*t - 5*m, t - 5*m = 30. What is the tens digit of t?
2
Suppose 6*x + 2*i = x, -i = 4*x - 3. Suppose 4*b - x*d = 204, -3*b + 4*d - 44 = -192. What is the tens digit of b?
5
What is the thousands digit of (1646*-3)/(224/(-112))?
2
Suppose 5*j - 20 = -5*i, -3*i - 4*j + 13 = -0*j. Suppose -4*v + 224 = i*w, v = -w + 48 + 8. What is the tens digit of v?
5
Let a(q) be the first derivative of -q**4/4 - 4*q**3 - q**2 + 8*q - 5. Let o be a(-12). Suppose -t + 3*r + o = 0, r + 0*r = -3. What is the tens digit of t?
2
Let v be 12/78 - 152/(-26). Let h(m) = -21*m + 10. Let l be h(v). Let g = 176 + l. What is the units digit of g?
0
Let m(d) = -96*d - 68. What is the hundreds digit of m(-4)?
3
Suppose -2*m = x - 2*x - 10, m - 2 = 2*x. What is the units digit of m?
6
Let d = -1412 + 1981. What is the tens digit of d?
6
Let p(s) = -s - 4. Let n be p(0). What is the units digit of (-292)/(-8) + (-6)/n?
8
Suppose -5186 + 866 = -4*l + 4*c, c - 1082 = -l. What is the tens digit of l?
8
Suppose -y + n + 636 = -n, 3*y + n = 1915. What is the tens digit of y?
3
Let w(p) = p**2 + p + 4 - p - 3*p. Suppose 2*m - 4*n = 29 + 3, -2*m = -5*n - 37. What is the units digit of w(m)?
2
Suppose 253 - 62 = z. Suppose 0 = 5*v + 3*q - z - 94, 4*v + 2*q - 226 = 0. What is the tens digit of v?
5
Let k(v) = v**3 + 3*v**2 - 5*v - 3. Let m be k(-2). Suppose -12 = m*o - 7*o. What is the tens digit of (8/o)/(10/(-120))?
3
Let f be 11*(-2 + -2 + 3). What is the tens digit of 2/f - 3339/(-33)?
0
Let y = -15 - -25. Let m be 5*(-1)/(y/12). What is the units digit of ((-9)/m)/(6/52)?
3
Suppose 912 = -4*m - 7*c + 2*c, 5*m + 1095 = 5*c. Let a = 338 + m. What is the units digit of a?
5
Let c = 50 + 2217. What is the thousands digit of c?
2
Let v be (-17 + 16)/((-1)/(-51)). What is the tens digit of 1 - -1 - (-4 - v/(-3))?
2
Let t = -131 - -527. Let a = t + -250. What is the tens digit of a?
4
Suppose -5*l + 30 = -4*v, -4*l + 3*v = -29 + 6. Suppose -l*y = 5*y - 91. What is the units digit of y?
3
Let i = -34 + 12. Let r = i + -28. What is the units digit of ((-88)/(-55))/((-4)/r)?
0
Let l(x) = -x**3 - 16*x**2 - 21*x + 17. Let g = -12 + -3. What is the hundreds digit of l(g)?
1
What is the tens digit of ((-42601)/(-65) + 15)/(4/10)?
7
Suppose 4*h - 5*m + 27 = 0, 2*h + 42 = -4*m - 4. Let o = h + 271. What is the tens digit of o?
5
Suppose 221*f - 211*f - 5410 = 0. What is the units digit of f?
1
Suppose 4*z - 4*j - 2228 = 0, 585 + 544 = 2*z + j. What is the units digit of z?
2
Let f(q) = 3*q**3 - 2*q**2 + 2*q - 1. Let p be 3/(13/5 - 2). Suppose -2 - 3 = -p*a. What is the units digit of f(a)?
2
Let g(h) = 11*h**2 - 2*h - 3. Let n be g(-2). Let y = 5 + n. What is the units digit of y?
0
Suppose -4*a = 4*h + 796, 4*a - 136 = h + 73. Let v = h + 355. What is the tens digit of v?
5
What is the tens digit of ((-41 - -6) + 6)*(-22 + 0)?
3
Let s(p) = p**2 + p - 1. Let a be s(2). Suppose a*v - 48 = 4*v. Suppose -y - 5*c = 11, -5*y + 5 + v = -2*c. What is the units digit of y?
9
Suppose 0 = -153*d + 154*d - 529. What is the hundreds digit of d?
5
Suppose -2*t - 654 = -3*f + 1195, 2*f - 1216 = -2*t. What is the units digit of f?
3
Let y = -68 + 70. What is the units digit of y?
2
Suppose 0*a = -3*r - a - 3, 2*r + 4*a + 12 = 0. Let o(m) = -m. Let s(j) = j**3 - j**2 - 3*j - 1. Let z(w) = 4*o(w) - s(w). What is the units digit of z(r)?
1
Suppose 12*a - 1589 = 1375. What is the units digit of a?
7
Suppose 10895 = 7*z + 2201. What is the thousands digit of z?
1
What is the units digit of (-5)/20*(-7088)/4?
3
Suppose 184 + 608 = 9*p. What is the units digit of p?
8
What is the tens digit of 4/(-5) - 2*(-15426)/15?
5
Let x be (-4)/(-6) - 2744/12. Let q = -155 - x. What is the units digit of q?
3
Let i = 6 - 4. Let w(h) = h**2 + 4*h - 16. Let v be w(-7). Suppose -4*r = m - i*m - 49, v*m + 69 = 4*r. What is the units digit of r?
1
Suppose -1 = 4*u - 9. Suppose u*t + t = 12. Suppose 0*m - p = -m + 14, t*m = p + 71. What is the units digit of m?
9
Let q(o) = 5*o + 29. Let c be q(11). Let u = 51 + c. What is the hundreds digit of u?
1
Let m(p) = 22*p - 145. What is the units digit of m(14)?
3
Let z be (-16)/5*(-10)/4. Suppose 2*c + 4 = z. What is the units digit of c?
2
Suppose 56*n - 77*n = -33768. What is the thousands digit of n?
1
Suppose -g + w + 706 = -298, -6 = -2*w. What is the hundreds digit of g?
0
Suppose -3*v = 5*h - 58, 3*h - 24 + 9 = 0. Suppose -14*x = -v*x - 171. What is the units digit of x?
7
Let t = -40 - -15. Let j = -15 - t. Let w = j + -5. What is the units digit of w?
5
What is the tens digit of ((-3)/(-3))/(2/1098)?
4
Let k(f) = -2*f**3 + 47*f**2 + 44*f - 45. What is the tens digit of k(24)?
3
Let l = 709 + -296. What is the tens digit of l?
1
Suppose -3*g + 382 = 2*s, 6*s + 5*g = s + 955. What is the tens digit of s?
9
Suppose 0 = 3*x + 4 + 8, -628 = -3*a + 4*x. What is the tens digit of a?
0
Let x = -54 - -55. What is the tens digit of ((-1)/(12/606))/(x/(-2))?
0
Suppose 0 = 4*l - 0*l - 12. Let t be (-147)/(-6) + l/(-6). Let f = t - -9. What is the tens digit of f?
3
What is the hundreds digit of ((-64152)/9)/(-8) + 2?
8
What is the tens digit of -47 + 50 + 1179 + 1?
8
Let z(g) = -5*g**2 + 7*g + 10. Let l(p) = -6*p**2 + 8*p + 10. Let i(n) = 4*l(n) - 5*z(n). What is the units digit of i(-5)?
0
Suppose -5*s + 17 = -2*w, 0 = -s - 3*w + 2*w + 9. What is the units digit of (2008/(-16) - s)*4/(-3)?
4
Suppose -23*v - 15 = -28*v. Suppose -59 = -v*f - 2*j, -4*f + 76 = 4*j - 2*j. What is the tens digit of f?
1
Let h be (-6)/(-15) + 171/(-15). Let f be (-6)/(-33) + (-1076)/h. Suppose f = -i + 3*i. What is the units digit of i?
9
Let r = -1485 + 2665. What is the thousands digit of r?
1
Suppose -5*r + 4*d + 1195 = 0, 36*r + 717 = 39*r + 4*d. What is the hundreds digit of r?
2
Let t(x) = 10*x + 12. Let k be t(-3). Let n = k + 72. What is the tens digit of n?
5
Let p = -58 + 324. What is the units digit of -9 + 8 - (0 - p)?
5
Suppose 4*c - 191 = 2*z - 3*z, -3*z - 132 = -3*c. Let o = c + -42. What is the units digit of o?
5
Let p = -14 + 5. Let x be p/6*(-4)/3. Suppose -15 - 19 = -x*w. What is the tens digit of w?
1
Let m = 38 + -42. Let y = m + 28. What is the units digit of y?
4
Let y(k) be the second derivative of k**5/20 - k**4/3 - 7*k**3/6 + 17*k**2/2 + 6*k. What is the units digit of y(6)?
7
Suppose -2*w + 0*w = -6. Suppose -146 - 94 = -3*q - 4*b, 4*q - 320 = w*b. What is the units digit of q?
0
Let p(n) = -2*n + 24. Let z be p(12). Suppose -3*t = -4*l - 3, z*l + 2*t = 4*l - 2. Suppose l*v = 4*o + 67, o = -3*v + 47 + 15. What is the tens digit of v?
2
Suppose 2*g + 8*i = 13*i + 33, 3*g + 2*i - 59 = 0. What is the units digit of g?
9
Let s(l) = 3*l**3 - l**2 + l + 1. Let b be s(-1). Let n be (-2)/b - (-3)/(-2). Let q = n - -13. What is the units digit of q?
2
Let z(f) = -f**3 + 6*f**2 + 5*f - 1. Suppose 0 = -2*x - 0*v + v + 9, x = -4*v + 27. Let l be z(x). What is the tens digit of l/(-4)*(14 + -10)?
1
Suppose -111 = 5*f + 84. Let q be 0 - f*(-2)/(-3). Suppose -c + q = 4*d, -2*d - 4*c = -14 - 6. What is the units digit of d?
6
Let q = 4 - 0. Let z(r) = 3*r - 7. Let o be z(q). Suppose -2 = 2*d + 2, -o*d = -5*s + 110. What is the tens digit of s?
2
Suppose -3*f + 3 = -21. Suppose -10*l = -f*l. Suppose 4*m + 3*i = -i + 144, l = 5*m - 2*i - 208. What is the units digit of m?
0
Let o be 7*(1 + 2)/(-3). Let w be (-2)/o + 58/(-7). What is the units digit of 5/4 + 2/w?
1
Suppose -40*k = 3*k - 84409. What is the units digit of k?
3
Let t be 132 + (-4 - -4) + -3. Let o = t - 75. What is the units digit of o?
4
Let h = -602 + 1709. What is the hundreds digit of h?
1
What is the units digit of ((-87)/(-6))/(10/80)?
6
Let c = -206 + 431. What is the hundreds digit of c?
2
Suppose -3*k = -2 + 11, -y - 2*k = 3. Suppose i + 2 = 3*c + 250, 5*i - y*c = 1264. What is the units digit of i?
4
Let u(c) = 70*c**3 + 11*c**2 - 37*c + 126. What is the hundreds digit of u(4)?
6
Suppose 8*y - 104 = 64. What is the tens digit of y?
2
Let g(b) = b**2 + 9*b + 9. Let t be g(-6). What is the units digit of (5 + -4)*(2/(-1) - t)?
7
Let m be -2*6/(-16)*-4. Let v = m - 4. What is the units digit of ((-